6165)/r - 5/(-2).
3, 5, 23
Suppose -84 = -4*s + 5*l, -4 = -0*l + l. Let o(k) = 9*k**2 - 8*k - s*k**2 + 1 + k**3 - 1. List the prime factors of o(9).
2, 3, 5
Suppose 3*g - 4 = 2*b + 5*g, -5*b + 3*g = -22. Let q be (-3)/(-6)*b*81. Let z = 137 - q. List the prime factors of z.
2, 7
Suppose 12*q + 10 = 15*q - a, 0 = -3*q - 5*a + 40. Suppose -128 = k - 2*k + q*l, -5*l - 364 = -3*k. List the prime factors of k.
2, 59
Suppose 3*r = 5 - 5. Suppose 21*w - 17*w - 20 = r. Suppose -2*z + 104 = 5*l, -4*z + 255 = -w*l + 107. What are the prime factors of z?
2, 3, 7
Suppose -26568 = -3*h - 3*c, -5*h - 3*c = -5*c - 44280. List the prime factors of h.
2, 3, 41
Let z be ((-4)/((-12)/373))/(1/9). What are the prime factors of 1 + z/4 - 56/(-224)?
281
Suppose 2*b - 50880 = 5*i, 0 = 44*b - 46*b - 2*i + 50922. List the prime factors of b.
3, 5, 1697
Let u(k) = -2*k**3 + 3*k**2 + 9*k - 5. Let o(b) = b**3 - 2*b**2 - 4*b + 3. Let q(w) = -3*o(w) - 2*u(w). Let z be (-1)/2*-2*5. List the prime factors of q(z).
2, 3
Let s(b) = b**3 + 88*b**2 + 160*b + 2411. List the prime factors of s(-76).
7, 67, 127
Suppose 0 = -4*n + 2*m + 2044, 0 = n + 2*m + 206 - 727. List the prime factors of n.
3, 19
Suppose -10*q + 95 = -9*q. Let h = q + -85. Suppose -6*v = -h*v + 256. What are the prime factors of v?
2
Let c(m) = -1143*m + 584. What are the prime factors of c(-4)?
2, 1289
Let t(v) = 1480*v - 28. Let d be t(3). Suppose 8*u + 4*g - 4402 = 3*u, -d = -5*u + g. Suppose 0 = -16*h + 7*h + u. List the prime factors of h.
2, 7
Suppose 4*p - 24 = 40. List the prime factors of 3*-146*1*(-8)/p.
3, 73
Suppose 3*r + 4*x + 12 = 0, 2*r - 9 = -3*x + 6*x. Suppose r = 3*l - 0*l - 2220. List the prime factors of l.
2, 5, 37
Suppose 0 = -3*x - 3, 2*c + 2*x - 66 = 56. Let p = 202 - c. List the prime factors of p.
2, 5, 7
Suppose 10*h + 148 = 5*v + 13*h, -2*h - 168 = -5*v. Suppose 0 = z + j, 3*z = v*j - 28*j + 28. List the prime factors of z.
2
Let b(c) = c**3 - 11*c**2 - 10*c + 6. Let g be b(6). Let q = 851 + g. List the prime factors of q.
617
Let m = -11381 - -19673. List the prime factors of m.
2, 3, 691
Let v(t) = -3*t + 3*t**2 + t**3 + 12 - 13*t**2 - 6*t**2 + 19*t. Suppose -p + 35 = 4*g - 9*g, 3*p - 5*g = 65. What are the prime factors of v(p)?
3
Suppose 36*j = 38*j - 62. Suppose -j*u + 15*u = -9008. List the prime factors of u.
563
Let x be (1/5*12)/((-19)/190). What are the prime factors of ((-2826)/x)/((-12)/(-80))?
5, 157
Suppose -2*l = -3*t + 26, 3*t - 4*t = -3*l + 3. Suppose -t*u - 10881 = -21*u. List the prime factors of u.
3, 13, 31
Suppose -10 + 5 = 5*l, -29 = -2*c - l. Suppose 5*k - 57 = -o, 6*o = -2*k + 3*o + c. Suppose -3*i = 6, k = h - i - 29. What are the prime factors of h?
3, 13
Suppose -6*x - 29 = -5. Let i be 6/x*(-4)/1. Suppose -i*z - 12 = -42. What are the prime factors of z?
5
Let p be (3 + -1)/(-1) - -4. Suppose p*k - 659 - 301 = 0. Suppose -h + 97 = -2*a, 5*h - k = -2*a - 55. What are the prime factors of h?
3, 29
Let i be (-2 - (-8)/3)/((-6)/(-9)). List the prime factors of -3 + 1046/(i + (6 - 5)).
2, 5, 13
What are the prime factors of -5 - 2 - 171200/(-12)*6/4?
3, 2377
Let w = -83 - -79. Let a be (-3898)/(w + 2) - 1. Suppose 8*u = -220 + a. What are the prime factors of u?
2, 3
Suppose -6 = 2*t, -5*u - 5*t = -103403 - 122482. What are the prime factors of u?
2, 3, 5, 251
Let q(k) = -k**3 - 3*k**2 + 10*k + 2. Let o be q(-5). Suppose o*j = 396 + 200. List the prime factors of j.
2, 149
Let v = 138 + -138. Suppose v = 16*n - 23*n + 1281. What are the prime factors of n?
3, 61
Suppose 3*g + 4*j - 403 = 0, -2*g - 5*j = -7*g + 730. Suppose -g*t = -137*t - 1768. List the prime factors of t.
2, 13, 17
Let g(d) = 27*d - 249. Let p be g(35). Suppose -55*t - p = -59*t. List the prime factors of t.
2, 3, 29
Let a be ((48/(-9))/(-4))/(2/6). Let t(q) = 6 + 148*q - 147*q - 2. List the prime factors of t(a).
2
Suppose -80*g + 226348 = -9*g. List the prime factors of g.
2, 797
List the prime factors of 3954*-18*(-10)/360.
3, 659
Let y(k) = k**3 - 14*k**2 - 7*k - 9. Suppose b + b - 2*j = 42, 4*b - 74 = 2*j. What are the prime factors of y(b)?
17, 23
Suppose 0 = 475*z - 455*z - 489680. What are the prime factors of z?
2, 6121
Let g(s) be the first derivative of 10*s**3/3 - 7*s**2/2 - 72*s + 207. List the prime factors of g(10).
2, 3, 11, 13
Let v(y) = 82*y**2 - y. Suppose -3*l - 3 = -0*l - 2*i, -l + 13 = 4*i. Suppose 5*u = -0*q + q - l, 4 = 4*q + 4*u. What are the prime factors of v(q)?
3
Let f(z) = -z**3 + z - 788. Let r be f(0). Let t = -536 - r. List the prime factors of t.
2, 3, 7
Suppose 3*b + 0*b + 5*i = 25, -9 = -3*b + 3*i. Suppose 0 = b*z - 5*f - 3065, 3*z - 2*f - 2462 = -z. List the prime factors of z.
2, 3, 103
Let v(f) = f**3 - 2*f**2 - 6*f - 8. Let x be v(-4). Let k = x + 550. List the prime factors of k.
2, 5, 47
Let c = -27 - -38. Let m(s) = 21*s + 59. List the prime factors of m(c).
2, 5, 29
Suppose -4*d + 830 = r - 5916, 0 = d - r - 1684. Let j = d + -888. List the prime factors of j.
2, 3, 7, 19
Suppose 3*g - i - 4 = 7, -5*g = -5*i - 5. Let z(f) = 16*f + 12*f - 73 + 3 + 30 + 16. What are the prime factors of z(g)?
2, 29
Suppose -5*p + f + 36577 = 0, 3*f - 4165 = p - 11472. What are the prime factors of p?
2, 31, 59
Suppose 3*k = 4092 + 14946. What are the prime factors of k?
2, 19, 167
Let t(l) = -32*l + 1. Let s be t(1). Let x be 1*-11 + 381 + -276. Let k = x + s. What are the prime factors of k?
3, 7
Suppose 7*f + 4*f = -4543. Let s = -213 - f. List the prime factors of s.
2, 5
Let g(r) = -r**3 - 16*r**2 + 18*r - 42. Let f be g(-18). Suppose 7*y - 4*y = -f. Let x = 197 + y. List the prime factors of x.
103
Suppose 0 = -2*n - 0*t + 5*t - 706, 5*t - 363 = n. Let w = n - -621. What are the prime factors of w?
2, 139
Let p be (-480)/(-128) - ((-5)/4)/1. Suppose -9*h + 648 = -p*h. List the prime factors of h.
2, 3
Let r be -4*(1 - 427/1). Let n = r + -904. What are the prime factors of n?
2, 5
Suppose -456*d + 460*d - 2*p = 8580, -5*d + 10720 = -5*p. What are the prime factors of d?
2, 29, 37
Let g(y) = 111*y**2 - 66*y + 568. What are the prime factors of g(22)?
2, 5, 1321
Suppose 90*l - 55335 = 75*l. List the prime factors of l.
7, 17, 31
Let z = -379 + 833. Let a = z - -54. List the prime factors of a.
2, 127
Suppose 5*s = -5*k + 120, -39*s + 36*s + 66 = k. Suppose -13343 + 44360 = s*z. List the prime factors of z.
7, 211
Let w(l) = -61*l**2 - 37*l - 14. Let u(n) = 30*n**2 + 19*n + 6. Let y(g) = -7*u(g) - 4*w(g). What are the prime factors of y(-5)?
3, 263
Let n = -1136 - -2132. Let p be (-8)/(-28) - n/(-42). What are the prime factors of ((-30)/(-4))/(p/32)?
2, 5
Let h be 56/14*9/12. Suppose -x = -3*m - 725, h*m + 2926 + 1 = 4*x. List the prime factors of x.
2, 367
Let u be (3/(-2))/(18/168). List the prime factors of (-45)/(-9) + u + 1465.
2, 7, 13
Let a(n) = -n**3 - 30*n**2 - 2*n - 183. Let j be a(-30). Let k = 78 + -112. Let z = k - j. What are the prime factors of z?
89
Suppose 3*a = 3*v + 69, 3*v - 4*a = -0*v - 70. Let w = -16 - v. Suppose 521 = 5*b + 2*p, -3*p + 0 = w. What are the prime factors of b?
3, 5, 7
Let g(m) = -2*m**2 - 9*m - 2. Let w be 1/((9/18)/((-5)/2)). Let o(q) = -q**2 - 5*q - 1. Let r(l) = w*o(l) + 2*g(l). List the prime factors of r(5).
61
Suppose -17*p + 7700320 = 91*p + 82*p. List the prime factors of p.
2, 17, 149
Let y(p) = 92*p**3 - 2*p**2 + 32*p - 91. What are the prime factors of y(3)?
7, 353
Let d(l) = 6*l + 56. Let v be d(0). Let c be (-1517)/(-7) - (-16)/v. Let j = c + -148. List the prime factors of j.
3, 23
Let i = 6219 + -4049. Let u = i + -1243. List the prime factors of u.
3, 103
Suppose 5*z + 17 = 4*t, -5*z - 6 - 2 = -t. Suppose 2436 = t*l + 11*l. List the prime factors of l.
2, 3, 29
Let z(u) = -19*u + 1005. List the prime factors of z(-44).
7, 263
Suppose -4*y + 62 = 46, 5*y = 4*q - 95376. What are the prime factors of q?
7, 3407
Suppose f + 22 = 5*c, c - 17 = -10*f + 6*f. Suppose f*z = -n + 633, -n = -6*n - 2*z + 3178. What are the prime factors of n?
2, 3, 53
Let l = -36 + 42. Let y be ((66/(-4))/11)/(l/(-16)). Suppose 0 = 2*g - 2*c - 450, 4*c = -16 - y. List the prime factors of g.
2, 5, 11
Let j = 280 + -288. Let r(x) = -62*x + 25. What are the prime factors of r(j)?
521
Suppose -4*x = 3*v - 1493 - 115, 2*x - 4*v - 826 = 0